What is the units digit of w?
1
Let x = 4 - 4. Let y be (x + 2)/(5 + -4). Suppose -20 = 3*h + y*h, f = 5*h + 24. What is the units digit of f?
4
Suppose -226 = -3*c - 97. Let n = c - 23. What is the tens digit of n?
2
Let o(h) be the third derivative of 5*h**5/12 - h**4/24 - 6*h**2. What is the units digit of o(-1)?
6
Let z(b) = -29*b - 2. Let q be -6 + -1 + 2 - -4. What is the units digit of z(q)?
7
Let i = -4 + 5. Let v = 3 - i. What is the units digit of v?
2
Let y(u) = u**3 + 8*u**2 + 8*u + 9. Let p be (-1 - -2)/((-1)/7). Let b be y(p). Suppose b*x + 0*x = 6. What is the units digit of x?
3
Suppose 0 = k, 2*k + 0*k = 5*f - 10. Let u = 43 - 25. Suppose -j = f*j - u. What is the units digit of j?
6
Let g be 1 + 1 + 1 + 7. Suppose 6*j = g*j - 700. What is the units digit of 4/18 + j/63?
3
Suppose -5*m - 3*n = -146, 3*m - 6*m - 2*n + 87 = 0. What is the tens digit of m?
3
What is the hundreds digit of ((-4)/(-10))/((-2)/1530*-3)?
1
Let g be 8 + 426 + (-2 - -2). Suppose 0 = -5*v + g - 169. What is the tens digit of v?
5
Let g be ((-46)/4)/((-2)/4). Suppose 0 = i - 4*r - 12, g - 68 = -5*i + 5*r. What is the units digit of i?
8
Suppose -4*o = 5*s - 563, s + 2*s = 4*o - 539. What is the units digit of o?
7
Suppose 0 = -5*a + a - 2*p + 56, 0 = -3*a - 5*p + 42. Suppose 0 = f - 11 - a. What is the units digit of f?
5
Let x be (-14)/6 + (-52)/(-39). Let a(k) = -22*k**3 - 2*k**2 - k. What is the tens digit of a(x)?
2
Let l = -80 - -165. What is the tens digit of l?
8
Let y = 5 + -1. Suppose 3*x = 4*l + 12, -l - y*l = 0. Suppose -3*r + 12 = 2*s + s, x*s = 5*r - 65. What is the units digit of r?
9
Let f be ((-4)/2)/(8/24). Let t = 19 - f. Suppose -5 = -3*v + t. What is the tens digit of v?
1
Let b be 36 - (0 - (1 - 1)). Suppose 5*u + t - 16 = 0, -3*u + 5*t + 7 = 3. Suppose h = -u*h + b. What is the units digit of h?
9
Let t = 7 + 1. Let j = -1 + -3. Let o = t + j. What is the units digit of o?
4
Let t = 7 - 4. Suppose 0 = -t*v + 1 + 17. What is the units digit of v?
6
Suppose 3*x + 20 = -2*x. What is the units digit of x + 1/(3/138)?
2
Let u = 6 - -6. What is the tens digit of u?
1
Let h(n) = n**2 + 9*n + 15. What is the tens digit of h(-11)?
3
Let o(p) = p**2 + 3. What is the tens digit of o(-3)?
1
Let p(q) = 3*q**2 + q. Let m(o) = o + 8. Let g be m(-6). What is the units digit of p(g)?
4
Suppose -2*y + 45 = -7*y. Let d(j) = -j**2 - 13*j - 5. What is the units digit of d(y)?
1
Suppose 4*d + 10 = -6. Let l be ((-1)/2)/(1/d). Suppose 2 + 46 = 5*q - 2*t, 4*q - 38 = l*t. What is the tens digit of q?
1
Suppose 5 = i - 10. What is the tens digit of i?
1
Suppose 27*i = 26*i + 163. What is the hundreds digit of i?
1
Suppose -3*w + 492 = 186. What is the hundreds digit of w?
1
Let i(m) be the first derivative of 7*m**2/2 - 2*m + 4. What is the tens digit of i(4)?
2
Suppose 4*r - 3*w - 296 = 0, r - 91 + 17 = 5*w. What is the tens digit of r?
7
Let l be (-2 - (-1 - 2))*2. Let y be 14 - (-2 - (1 - l)). Suppose 0 = -v + y - 6. What is the units digit of v?
9
Suppose 7 = 3*q - 2. Suppose j + 18 = q*j. What is the units digit of j?
9
Let g(n) = 32*n + 1. What is the units digit of g(1)?
3
Suppose 5*p + 23 - 158 = 0. Let u = 38 - p. What is the tens digit of u?
1
Suppose -3*f = w - 4*w + 15, 0 = -3*f + 5*w - 9. Suppose -2*l + 3*v + 37 = 0, 2*v = 4*l + 6*v - 24. Let y = f + l. What is the units digit of y?
3
Suppose 0 = 7*f - 11*f + 520. What is the units digit of f?
0
Let l = -12 + 12. What is the units digit of 11 + l + 3/(-3)?
0
What is the tens digit of 20/(-15)*42/(-4)?
1
Let v be (1/2)/(2/20). Suppose v*d = 2*j + 82, -d + 2*j + 50 = 2*d. What is the tens digit of d?
1
What is the tens digit of (-2)/2 - 2 - -51?
4
Let z be (3 - 4)/(1/(-5)). Suppose 0 = 4*p - p, -z*o + 5*p + 45 = 0. What is the units digit of o?
9
Suppose -2*h + 239 = 3*z - 254, 5*z = -4*h + 821. Suppose z = -6*l + 11*l. What is the tens digit of l?
3
Let z(u) = 13*u - 1. Let p be z(3). Let w = p + -26. What is the units digit of w?
2
What is the units digit of (1 - (5 + -3))*(2 - 24)?
2
Let o = 8 + 0. What is the tens digit of 66/o*16/3?
4
Suppose -5 = 5*v - 15. Suppose v*o + f - 36 = 0, o + 4*f + 2 = 13. What is the tens digit of o?
1
Let r be 4/(-12) - 2/(-6). Suppose 3*q = -2*q + 25. Suppose -5*i + 10 = 5*m - r*i, 5*i + q = -2*m. What is the units digit of m?
5
Let b = -12 - -6. Let x = 12 - 10. What is the units digit of 4*x + 4 + b?
6
Let l(p) = -p**2 - 24*p - 32. What is the units digit of l(-22)?
2
What is the units digit of (297/(-36) - -8) + 258/8?
2
Let m(d) = -d**2 + 4*d - 3. Let i(p) = 1. Let u be (8 + -5)/(3/(-2)). Let s(x) = u*m(x) - 2*i(x). What is the tens digit of s(5)?
1
Suppose 5*h = 3 + 7. Suppose -h*s = -6 - 18. What is the units digit of s?
2
Suppose -318 - 362 = -5*w. What is the units digit of w?
6
Let t = -88 - -147. What is the units digit of t?
9
Suppose 5*k - 4*o - 1447 = 0, 4*k - 3*o = 1416 - 259. What is the tens digit of k?
8
Let o = -6 - -53. What is the tens digit of o?
4
Let z = 6 + -4. Let p be -3 - -11 - 1*z. Suppose p + 0 = m. What is the units digit of m?
6
Let a(s) be the first derivative of s**3/3 - 7*s**2/2 - 2. Let k be a(6). Let m = -1 - k. What is the units digit of m?
5
Let l = 3 + -11. Let v = 1 + l. What is the units digit of (3 + -2 - v) + -1?
7
Let x(w) = -w**2 + 6*w - 6. Let p be x(5). What is the tens digit of p/(3/14)*-9?
4
Let s = -12 - -62. Suppose s = -0*w + 5*w. What is the tens digit of w?
1
Let b(f) = -f**2 - 3*f - 4. Let s be b(-4). Let m = 9 + s. What is the units digit of m*(-1 + (2 - -3))?
4
What is the tens digit of 103*(-3)/(-9)*3?
0
Let x = 2 + -3. Let r(d) = 2*d**2 - d - 1. Let s be r(x). Suppose 3*t + 4*n = 8*t - 11, -2*t + 4*n = -s. What is the units digit of t?
3
Suppose 5*u + 3*s + 3 + 2 = 0, -5*u - 5 = s. Let z(q) = 7*q**2. Let v be z(u). Suppose -c + 0*c - 2*n = -v, 0 = -2*c - 3*n + 14. What is the units digit of c?
7
Suppose m - 20 = -0*u + 2*u, 3*u - 61 = -2*m. What is the tens digit of m?
2
Suppose -3*a - 64 = -4*a. What is the tens digit of a?
6
Suppose -4*m - m + 15 = 0. Suppose 2 = u - m. Suppose -3*t = 3*d + 9, 3*t + u*d + 17 = -t. What is the units digit of t?
2
Let j = 3 - -14. What is the units digit of j?
7
Let c(m) = m**3 + m**2 - m. Let l be c(1). Let a = l - -15. What is the tens digit of a?
1
Suppose 8 = -s + 24. Let p(f) = f**3 - 17*f**2 + 17*f - 8. What is the units digit of p(s)?
8
Suppose 0 = -s - 3*s. Suppose o + 3*o - 20 = s. Suppose 0 = -4*l + 2*v + 28, o*v = -3*l - 7 + 28. What is the units digit of l?
7
Let z = 12 - 7. Suppose 3*m = 6, 2*h + 2 = z*m - 4. What is the units digit of h?
2
Suppose 5*r - 16 = -46. Let n(g) = -g**2 - 7*g + 5. What is the units digit of n(r)?
1
What is the tens digit of 47 + 1 - (-2)/1?
5
Let f(w) = -9*w**3 + 5*w**2 + 4*w + 5. Let z(n) = -5*n**3 + 3*n**2 + 2*n + 3. Let t(i) = -4*f(i) + 7*z(i). Let q be t(-2). What is the units digit of -2*q*-1*2?
4
Let g = -1 - 0. Let i be 3/((-1)/(-1)) + g. Let u = 7 - i. What is the units digit of u?
5
Suppose -10*z + 21 = -7*z. What is the units digit of z?
7
Suppose 2*g = 4*g - 24. Let f = g + -3. What is the units digit of f?
9
What is the tens digit of (-2)/(-18) - (-521)/9?
5
Let x = 270 - 56. What is the hundreds digit of x?
2
Let d(j) = 2*j**2 + 19*j + 3. What is the units digit of d(-14)?
9
Let f be (-3)/(-3)*-1*1. Let d be 14/(-7) - f*7. What is the units digit of 2 + d + (-3 - -1)?
5
Let y(s) = s**3 - 10*s**2 + 10*s + 2. Let c be y(9). Let g = 6 - c. Let k = g - -13. What is the units digit of k?
8
Suppose 5*m - 14 = 11. Suppose 0 = -4*p - 3*s + 72, 4*p + m*s - 21 - 51 = 0. Suppose 5*y - 1 = q - p, 2*q + 4*y = -8. What is the units digit of q?
2
Let y(k) = -81*k - 13. What is the hundreds digit of y(-5)?
3
Let y(t) = -t + 7. Suppose -2*r + 6*r = 0. Let g(a) = a. Let u be g(r). What is the units digit of y(u)?
7
What is the units digit of (5/(-3))/((-5)/75)?
5
Let p(j) be the second derivative of -j**4/12 - j**3/6 - 2*j**2 - 2*j. Let r be p(0). Let v = r - -7. What is the units digit of v?
3
Suppose -5*v + 270 + 65 = 5*x, 4*x - 333 = -5*v. What is the units digit of v?
5
Let o(z) = 2*z**3 - 5*z**2 - 3*z + 5. Let a(u) = -3*u**3 + 4*u**2 + 2*u - 5. Let x(l) = -3*a(l) - 4*o(l). What is the units digit of x(-7)?
2
Suppose u + 833 = 